Let g(m) = -1. Let b(l) = 3*g(l) - o(l). Is b(h) prime?
False
Let o = 52 - 58. Let m(g) = -g**3 - 7*g**2 - 9*g - 8. Let l be m(o). Is (12/l)/(6/555) a composite number?
True
Suppose 180*f = 187*f - 197393. Suppose -5*b + a = -f, 4*a = -9*b + 11*b - 11294. Is b prime?
True
Is (-300)/(-550) + 613805/11 a prime number?
False
Let b = 111222 + -26531. Is b composite?
False
Let v(u) = -9*u**3 - 10*u**2 - 5*u - 3. Is v(-19) a prime number?
False
Suppose 0 = -5*c - o + 177, -9*c + 99 = -6*c - 3*o. Suppose 13187 - 81402 = -c*l. Is l composite?
False
Let w(p) = -7*p - 1. Suppose -275 = 14*c + 761. Let t = c - -62. Is w(t) composite?
False
Let f(b) = b**3 + 5*b**2 - 13*b - 3. Let w = -88 - -81. Let m be f(w). Is (-1)/2 + 45/m*-523 prime?
False
Is 27/54*34*6871/1 a prime number?
False
Let n(f) = 30*f**2 + 23*f + 4. Let j be n(-5). Suppose -3*p = -4*r - 901, -3*p - 5*r + 226 = -j. Is p prime?
False
Let j = 107 + -128. Let f be (-12132)/j - 3 - (-6)/21. Suppose -7*h = -2*h - f. Is h composite?
True
Suppose -86*s + 25783810 = -7*s + 51*s. Is s a composite number?
False
Let c(i) = i**3 + 7*i**2 + 6*i - 8. Let y be c(-10). Let d = y + -74. Is (-5 + d*2)/(-1) prime?
False
Let p = 233065 - 142742. Is p a prime number?
False
Let s be 736041/37*4/(-6). Let y = 29931 + s. Is y a prime number?
False
Let a(q) = 8*q**3 + 36*q**2 - 51*q + 212. Is a(19) composite?
True
Let o(b) = 3*b**2 - 12*b - 20. Let z = 39 + -35. Suppose z*c + v + 19 + 39 = 0, -4*v = -4*c - 68. Is o(c) a prime number?
False
Let k be (-2727)/(-15) - 5/(-25). Let g = k - 93. Is g composite?
False
Let j = -188512 - -296493. Is j prime?
True
Suppose 2*a + 28 = 4*z + 3*a, -3*a + 20 = 4*z. Let h be z/(-4)*(-24346)/4. Suppose -6*i + i + h = -3*f, f = 4. Is i prime?
True
Suppose -17*a = -20*a. Suppose -3*w - 991 = o - 9753, a = -4*o + 3*w + 35063. Is o a composite number?
True
Let s(c) = 342*c**3 - 12*c**2 - 3*c + 16. Let l(x) = 684*x**3 - 23*x**2 - 5*x + 30. Let u(z) = 6*l(z) - 11*s(z). Is u(2) prime?
False
Let i(k) = -345*k + 4. Let q be (-24)/(-8)*1/3. Let u be i(q). Let o = -214 - u. Is o composite?
False
Suppose 402889 = w - 2*a, -2*w = -7*w + 4*a + 2014421. Is w a prime number?
True
Let g = -4844 + 8665. Is g a composite number?
False
Suppose -2657*z - 1109905 = -2662*z. Is z prime?
False
Let h(w) = -w**3 - 21*w**2 - 41*w - 75. Let f be h(-19). Is (-2)/f*-3*603/(-1) prime?
False
Suppose 14314 = -16*p - 48550. Let q = 17406 + p. Is q composite?
False
Suppose -4*b + 1569350 = -27*b + 5037313. Is b a prime number?
False
Let q = 629 - 423. Let h be -8*50/(-40) - 89. Let d = h + q. Is d a prime number?
True
Let c(j) = -2*j + 887. Suppose -n = -2*y + 5, -5*y + 2*n + 11 = n. Let u(s) = 2*s**2 - 5*s + 2. Let h be u(y). Is c(h) composite?
False
Let f(n) be the third derivative of n**5/12 + n**3/6 + 11*n**2. Let l be f(-1). Is 405 + l*(-2)/(-6) composite?
True
Let y be ((-960)/(-18) + 1)/((-2)/60). Let t = 417 - y. Is t prime?
False
Let x(d) = d**3 + 6*d**2 - 3*d - 12. Let w be x(-5). Let g(y) = 20*y - 21*y**2 - 119 - 114 + y**3 + 284 - 86. Is g(w) a prime number?
False
Let s be 0 - 3/((-15)/7790). Suppose n + 2*j - 390 = 3*j, -2*j - s = -4*n. Is n a prime number?
True
Let g = 46 - 31. Let c = 74 + g. Is -4 + c/(-3)*-3 a prime number?
False
Is (3 + -5)*(-3457167)/42 prime?
True
Suppose 75*m + 56552 = 83*m. Is m composite?
False
Let z be 183/((-6)/8*2). Let a = z + 64. Is (6 - a/(-10)) + (-2128)/(-10) prime?
False
Suppose -3*g - 371912 = -2*m, -5*g = -38 + 48. Is m a prime number?
False
Let t = -2247536 - -3788679. Is t a composite number?
False
Let m = 89 + -80. Let k(u) = -5 - 12*u + 28*u + 33*u**3 + 0 - m*u. Is k(3) prime?
True
Suppose -6*j + 15*j + 12*j = 0. Suppose j = -6*g + 48948 + 11214. Is g prime?
False
Let w = 926 + -907. Let u(j) = 5*j**2 + j - 1. Let a be u(-2). Suppose a*x - w*x + 2930 = 0. Is x a prime number?
False
Suppose -4*q + 5*j - 16 = -2*q, -4*q - 4*j = -24. Let x be (2143/(-2))/((-9)/54). Suppose a = -b + 1388, 5*b = q*a + x + 546. Is b a prime number?
False
Let m(u) = 2*u**2 - 28*u - 1. Let z be m(14). Is (((-55)/11)/(-5))/(z/(-29897)) a composite number?
True
Let f(h) = 470*h**2 - 14*h + 13. Is f(3) prime?
True
Let u(g) = -189*g - 5*g**3 + 4*g**3 + 191*g + 23 + 4*g**2. Is u(-6) prime?
False
Let i be 6*-1 + (9 + -17)/8. Let o(c) = -535*c - 26. Is o(i) a composite number?
False
Suppose 2*d + 33010 = 2*y, 5*y - d + 20572 = 103109. Suppose 346*k - y = 342*k. Is k a composite number?
False
Let l(w) = -2*w**3 + w**2 + 31*w - 39. Let u be l(-14). Suppose 3 = -3*a + 6, 5*r = -a + u. Is r composite?
True
Let o = -433 + 771. Suppose 2*u + 5*c - 2701 - o = 0, 4*c - 1515 = -u. Is u composite?
True
Let h(v) = -2*v**2 - 51*v + 46. Suppose 3*g - 16*o = -12*o - 67, g - 4*o + 25 = 0. Is h(g) composite?
True
Let u(d) = 109*d**2 - 115*d - 4273. Is u(-42) prime?
True
Let f(u) be the third derivative of 23*u**5/60 - 3*u**4/8 - 13*u**3/6 - 2*u**2 - 7. Suppose 5*b - i = -25, -5*i - 10 = -2*b + 3. Is f(b) a composite number?
True
Let f(y) = -8*y + 44. Let l be f(0). Let c(i) = 19*i**2 - 3*i - 1. Let t be c(-5). Suppose -47*r + t = -l*r. Is r a composite number?
False
Let t be (1 - (-22)/(-4))/((-228)/26144). Let r = t - -215. Is r a composite number?
True
Let r(x) be the second derivative of -21*x**3 + x**2/2 + 454*x. Let p(q) = -2*q + 3. Let i be p(4). Is r(i) composite?
False
Is (203 + -208)/(((-2)/79601)/2) a prime number?
False
Is (2853 - -1 - -1)*12543/555 a composite number?
True
Suppose 6*g + 69109 = h + 10*g, 10 = -5*g. Is h prime?
False
Let u(f) be the third derivative of -37/6*f**3 - 95/8*f**4 + 0 + 0*f - 26*f**2. Is u(-6) a composite number?
True
Let j = -139111 - -290202. Is j prime?
True
Suppose -z - 4*z + 58224 = 4*y, 2*z - y = 23287. Let q = z - -4039. Is q a prime number?
True
Let u(m) = -7*m - 7. Let f(i) = i**2 - 15*i - 15. Let c = 18 + -16. Let p(n) = c*f(n) - 5*u(n). Is p(-6) composite?
False
Let i(b) = 3722*b - 28. Let q be i(-2). Let r = -4998 - q. Is r a composite number?
True
Let a(m) = 1101*m - 2827. Is a(14) a prime number?
False
Let q = 1647 - 10. Is q composite?
False
Let y be (-128)/(-12)*3/(-1). Let k = 36 + y. Suppose -k*m = -2*m - 398. Is m composite?
False
Let k = 51454 + -14867. Is k a composite number?
False
Let a(w) = -24492*w - 1187. Is a(-10) a composite number?
True
Suppose 30335079 = 56*n + 55*n. Is n a composite number?
False
Suppose 408*l = 407*l + 3. Is ((-18)/l)/(-3) - (6 + -4077) a composite number?
False
Let i(k) = -135*k - 66. Let p(j) = 136*j + 66. Let x(d) = 3*i(d) + 2*p(d). Is x(-17) a composite number?
True
Let k(z) be the third derivative of -z**4/8 - 11*z**3/3 + z**2. Let c be k(-8). Suppose 4*t - c*q = 2208, 0 = -4*t - 3*q + 82 + 2136. Is t composite?
True
Let s = -220 + 144. Let q be (5/2)/((-95)/s). Suppose -1805 = -q*j - 4*f + f, 0 = -4*j + f + 3631. Is j a composite number?
False
Let c = -834433 - -1528260. Is c prime?
True
Suppose 156*u + 1007622 + 49049 = 4835459. Is u composite?
False
Let s(u) be the second derivative of 167*u**5/120 - 7*u**4/12 - 4*u**3/3 + 3*u. Let n(i) be the second derivative of s(i). Is n(5) a composite number?
False
Let r(d) = d**3 - 15*d**2 + 17*d - 40. Let f be r(14). Suppose 0 = -5*z + 3*v + 4441, -3*z - f*v - v = -2655. Is z composite?
False
Let r(b) be the third derivative of -105*b**4/8 - 92*b**3/3 + 3*b**2 + 19. Is r(-7) a prime number?
False
Suppose -14*a + 326667 = 43*a. Is a a composite number?
True
Let x = -299 + 315. Suppose x*o = -8*o + 197928. Is o prime?
False
Is ((-51)/(-6))/((-1)/(-10942)) prime?
False
Suppose 13973232 - 8690354 = 45*c - 18673637. Is c composite?
True
Let b(z) = 17*z**3 - 57*z**2 - 23*z - 470. Is b(41) a prime number?
True
Let t = -44 + 47. Suppose 0 = t*n + 12 - 21. Suppose 0 = 5*k + h - 787, 0*k = n*k - 5*h - 461. Is k prime?
True
Let i be -2*(-2)/20 - (-18348)/(-165). Let u = -108 - i. Suppose -r + 346 = u*t, -r - 11 = 2*t - 354. Is r a composite number?
False
Let v(s) = 33099*s - 34. Is v(5) composite?
True
Suppose 5045 + 3750 = 5*d. Is d composite?
False
Suppose 5*j - 3*v - 70 = 0, -j - 17 = -3*j - v. Suppose o - 26 = -j. Suppose 10072 = o*s - 7*s. Is s composite?
False
Let p be 65/(-39) + 487660/6. Suppose -18*r + p = -55579. Is r prime?
True
Is (-1060464)/(-12) - (-10 + 3) prime?
Tru